{"id":380,"date":"2023-12-06T00:16:25","date_gmt":"2023-12-06T03:16:25","guid":{"rendered":"https:\/\/mercadaomoveis.com\/?page_id=380"},"modified":"2023-12-28T11:21:43","modified_gmt":"2023-12-28T14:21:43","slug":"lojas","status":"publish","type":"page","link":"https:\/\/mercadaomoveis.com\/index.php\/lojas\/","title":{"rendered":"Lojas"},"content":{"rendered":"\t\t<div data-elementor-type=\"wp-page\" data-elementor-id=\"380\" class=\"elementor elementor-380\">\n\t\t\t\t<div class=\"elementor-element elementor-element-de40951 e-flex e-con-boxed e-con e-parent\" data-id=\"de40951\" data-element_type=\"container\">\n\t\t\t\t\t<div class=\"e-con-inner\">\n\t\t<div class=\"elementor-element elementor-element-8ae456b e-con-full e-flex e-con e-child\" data-id=\"8ae456b\" data-element_type=\"container\" data-settings=\"{&quot;background_background&quot;:&quot;classic&quot;}\">\n\t\t\t\t<div class=\"elementor-element elementor-element-a8a6fd8 elementor-widget elementor-widget-image\" data-id=\"a8a6fd8\" data-element_type=\"widget\" data-widget_type=\"image.default\">\n\t\t\t\t<div class=\"elementor-widget-container\">\n\t\t\t\t\t\t\t\t\t\t\t\t\t\t\t<img fetchpriority=\"high\" decoding=\"async\" width=\"810\" height=\"450\" src=\"https:\/\/mercadaomoveis.com\/wp-content\/uploads\/2023\/12\/01.jpg\" class=\"attachment-large size-large wp-image-407\" alt=\"\" srcset=\"https:\/\/mercadaomoveis.com\/wp-content\/uploads\/2023\/12\/01.jpg 810w, https:\/\/mercadaomoveis.com\/wp-content\/uploads\/2023\/12\/01-300x167.jpg 300w, https:\/\/mercadaomoveis.com\/wp-content\/uploads\/2023\/12\/01-768x427.jpg 768w, https:\/\/mercadaomoveis.com\/wp-content\/uploads\/2023\/12\/01-600x333.jpg 600w\" sizes=\"(max-width: 810px) 100vw, 810px\" \/>\t\t\t\t\t\t\t\t\t\t\t\t\t\t\t<\/div>\n\t\t\t\t<\/div>\n\t\t\t\t<div class=\"elementor-element elementor-element-f28ba0b elementor-widget elementor-widget-text-editor\" data-id=\"f28ba0b\" data-element_type=\"widget\" data-widget_type=\"text-editor.default\">\n\t\t\t\t<div class=\"elementor-widget-container\">\n\t\t\t\t\t\t\t\t\t<p style=\"text-align: center;\"><strong>LOJA GUAJAR\u00c1<\/strong> <br \/>END: SN21; ESQUINA COM A SEGUNDA RUA; N 30; PR\u00d3XIMO A ARENA DO ROG\u00c9RIO<\/p>\t\t\t\t\t\t\t\t<\/div>\n\t\t\t\t<\/div>\n\t\t\t\t<div class=\"elementor-element elementor-element-fa8f1b8 elementor-widget elementor-widget-html\" data-id=\"fa8f1b8\" data-element_type=\"widget\" data-widget_type=\"html.default\">\n\t\t\t\t<div class=\"elementor-widget-container\">\n\t\t\t\t\t<iframe src=\"https:\/\/www.google.com\/maps\/embed?pb=!1m17!1m12!1m3!1d3988.7105260739036!2d-48.3951535250342!3d-1.3502079986370072!2m3!1f0!2f0!3f0!3m2!1i1024!2i768!4f13.1!3m2!1m1!2zMcKwMjEnMDAuOCJTIDQ4wrAyMyczMy4zIlc!5e0!3m2!1spt-BR!2sbr!4v1701835680897!5m2!1spt-BR!2sbr\" width=\"600\" height=\"250\" style=\"border:0;\" allowfullscreen=\"\" loading=\"lazy\" referrerpolicy=\"no-referrer-when-downgrade\"><\/iframe>\t\t\t\t<\/div>\n\t\t\t\t<\/div>\n\t\t\t\t<\/div>\n\t\t<div class=\"elementor-element elementor-element-218a75c e-con-full e-flex e-con e-child\" data-id=\"218a75c\" data-element_type=\"container\">\n\t\t\t\t<div class=\"elementor-element elementor-element-e8e6f62 elementor-widget elementor-widget-image\" data-id=\"e8e6f62\" data-element_type=\"widget\" data-widget_type=\"image.default\">\n\t\t\t\t<div class=\"elementor-widget-container\">\n\t\t\t\t\t\t\t\t\t\t\t\t\t\t\t<img decoding=\"async\" src=\"http:\/\/mercadaomoveis.com\/wp-content\/uploads\/2023\/12\/03.jpg\" title=\"\" alt=\"\" loading=\"lazy\" \/>\t\t\t\t\t\t\t\t\t\t\t\t\t\t\t<\/div>\n\t\t\t\t<\/div>\n\t\t\t\t<div class=\"elementor-element elementor-element-15cb706 elementor-widget elementor-widget-text-editor\" data-id=\"15cb706\" data-element_type=\"widget\" data-widget_type=\"text-editor.default\">\n\t\t\t\t<div class=\"elementor-widget-container\">\n\t\t\t\t\t\t\t\t\t<p style=\"text-align: center;\"><strong>LOJA CIDADE NOVA<\/strong><br \/>END: CIDADE NOVA 6, SN24 N301, ESQUINA COM A WE 65, AO LADO DO FARM\u00c1CIA MAXI<\/p>\t\t\t\t\t\t\t\t<\/div>\n\t\t\t\t<\/div>\n\t\t\t\t<div class=\"elementor-element elementor-element-d9c7634 elementor-widget elementor-widget-html\" data-id=\"d9c7634\" data-element_type=\"widget\" data-widget_type=\"html.default\">\n\t\t\t\t<div class=\"elementor-widget-container\">\n\t\t\t\t\t<iframe src=\"https:\/\/www.google.com\/maps\/embed?pb=!1m17!1m12!1m3!1d3988.703920705824!2d-48.40535712503415!3d-1.354227598632951!2m3!1f0!2f0!3f0!3m2!1i1024!2i768!4f13.1!3m2!1m1!2zMcKwMjEnMTUuMiJTIDQ4wrAyNCcxMC4wIlc!5e0!3m2!1spt-BR!2sbr!4v1701835856158!5m2!1spt-BR!2sbr\" width=\"600\" height=\"250\" style=\"border:0;\" allowfullscreen=\"\" loading=\"lazy\" referrerpolicy=\"no-referrer-when-downgrade\"><\/iframe>\t\t\t\t<\/div>\n\t\t\t\t<\/div>\n\t\t\t\t<\/div>\n\t\t<div class=\"elementor-element elementor-element-345725b e-con-full e-flex e-con e-child\" data-id=\"345725b\" data-element_type=\"container\" data-settings=\"{&quot;background_background&quot;:&quot;classic&quot;}\">\n\t\t\t\t<div class=\"elementor-element elementor-element-1f451fc elementor-widget elementor-widget-image\" data-id=\"1f451fc\" data-element_type=\"widget\" data-widget_type=\"image.default\">\n\t\t\t\t<div class=\"elementor-widget-container\">\n\t\t\t\t\t\t\t\t\t\t\t\t\t\t\t<img decoding=\"async\" width=\"810\" height=\"450\" src=\"https:\/\/mercadaomoveis.com\/wp-content\/uploads\/2023\/12\/02.jpg\" class=\"attachment-large size-large wp-image-408\" alt=\"\" srcset=\"https:\/\/mercadaomoveis.com\/wp-content\/uploads\/2023\/12\/02.jpg 810w, https:\/\/mercadaomoveis.com\/wp-content\/uploads\/2023\/12\/02-300x167.jpg 300w, https:\/\/mercadaomoveis.com\/wp-content\/uploads\/2023\/12\/02-768x427.jpg 768w, https:\/\/mercadaomoveis.com\/wp-content\/uploads\/2023\/12\/02-600x333.jpg 600w\" sizes=\"(max-width: 810px) 100vw, 810px\" \/>\t\t\t\t\t\t\t\t\t\t\t\t\t\t\t<\/div>\n\t\t\t\t<\/div>\n\t\t\t\t<div class=\"elementor-element elementor-element-a884e85 elementor-widget elementor-widget-text-editor\" data-id=\"a884e85\" data-element_type=\"widget\" data-widget_type=\"text-editor.default\">\n\t\t\t\t<div class=\"elementor-widget-container\">\n\t\t\t\t\t\t\t\t\t<p style=\"text-align: center;\"><strong>LOJA ICOARACI<\/strong><br \/>END: AVENIDA DOUTOR LOPO DE CASTRO, N EM FRENTE A CAIXA ECONOMICA<\/p>\t\t\t\t\t\t\t\t<\/div>\n\t\t\t\t<\/div>\n\t\t\t\t<div class=\"elementor-element elementor-element-43ac01a elementor-widget elementor-widget-html\" data-id=\"43ac01a\" data-element_type=\"widget\" data-widget_type=\"html.default\">\n\t\t\t\t<div class=\"elementor-widget-container\">\n\t\t\t\t\t<iframe src=\"https:\/\/www.google.com\/maps\/embed?pb=!1m17!1m12!1m3!1d3988.7948716805313!2d-48.48311392503433!3d-1.2977868986898837!2m3!1f0!2f0!3f0!3m2!1i1024!2i768!4f13.1!3m2!1m1!2zMcKwMTcnNTIuMCJTIDQ4wrAyOCc0OS45Ilc!5e0!3m2!1spt-BR!2sbr!4v1701835788926!5m2!1spt-BR!2sbr\" width=\"600\" height=\"250\" style=\"border:0;\" allowfullscreen=\"\" loading=\"lazy\" referrerpolicy=\"no-referrer-when-downgrade\"><\/iframe>\t\t\t\t<\/div>\n\t\t\t\t<\/div>\n\t\t\t\t<\/div>\n\t\t\t\t\t<\/div>\n\t\t\t\t<\/div>\n\t\t\t\t<\/div>\n\t\t","protected":false},"excerpt":{"rendered":"<p>LOJA GUAJAR\u00c1 END: SN21; ESQUINA COM A SEGUNDA RUA; N 30; PR\u00d3XIMO A ARENA DO ROG\u00c9RIO LOJA CIDADE NOVAEND: CIDADE NOVA 6, SN24 N301, ESQUINA COM A WE 65, AO LADO DO FARM\u00c1CIA MAXI LOJA ICOARACIEND: AVENIDA DOUTOR LOPO DE CASTRO, N EM FRENTE A CAIXA ECONOMICA<\/p>\n","protected":false},"author":1,"featured_media":0,"parent":0,"menu_order":0,"comment_status":"closed","ping_status":"closed","template":"","meta":{"site-sidebar-layout":"no-sidebar","site-content-layout":"","ast-site-content-layout":"full-width-container","site-content-style":"default","site-sidebar-style":"default","ast-global-header-display":"","ast-banner-title-visibility":"","ast-main-header-display":"","ast-hfb-above-header-display":"","ast-hfb-below-header-display":"","ast-hfb-mobile-header-display":"","site-post-title":"disabled","ast-breadcrumbs-content":"","ast-featured-img":"disabled","footer-sml-layout":"","theme-transparent-header-meta":"","adv-header-id-meta":"","stick-header-meta":"","header-above-stick-meta":"","header-main-stick-meta":"","header-below-stick-meta":"","astra-migrate-meta-layouts":"default","ast-page-background-enabled":"default","ast-page-background-meta":{"desktop":{"background-color":"var(--ast-global-color-4)","background-image":"","background-repeat":"repeat","background-position":"center center","background-size":"auto","background-attachment":"scroll","background-type":"","background-media":"","overlay-type":"","overlay-color":"","overlay-gradient":""},"tablet":{"background-color":"","background-image":"","background-repeat":"repeat","background-position":"center center","background-size":"auto","background-attachment":"scroll","background-type":"","background-media":"","overlay-type":"","overlay-color":"","overlay-gradient":""},"mobile":{"background-color":"","background-image":"","background-repeat":"repeat","background-position":"center center","background-size":"auto","background-attachment":"scroll","background-type":"","background-media":"","overlay-type":"","overlay-color":"","overlay-gradient":""}},"ast-content-background-meta":{"desktop":{"background-color":"var(--ast-global-color-5)","background-image":"","background-repeat":"repeat","background-position":"center center","background-size":"auto","background-attachment":"scroll","background-type":"","background-media":"","overlay-type":"","overlay-color":"","overlay-gradient":""},"tablet":{"background-color":"var(--ast-global-color-5)","background-image":"","background-repeat":"repeat","background-position":"center center","background-size":"auto","background-attachment":"scroll","background-type":"","background-media":"","overlay-type":"","overlay-color":"","overlay-gradient":""},"mobile":{"background-color":"var(--ast-global-color-5)","background-image":"","background-repeat":"repeat","background-position":"center center","background-size":"auto","background-attachment":"scroll","background-type":"","background-media":"","overlay-type":"","overlay-color":"","overlay-gradient":""}},"footnotes":""},"_links":{"self":[{"href":"https:\/\/mercadaomoveis.com\/index.php\/wp-json\/wp\/v2\/pages\/380"}],"collection":[{"href":"https:\/\/mercadaomoveis.com\/index.php\/wp-json\/wp\/v2\/pages"}],"about":[{"href":"https:\/\/mercadaomoveis.com\/index.php\/wp-json\/wp\/v2\/types\/page"}],"author":[{"embeddable":true,"href":"https:\/\/mercadaomoveis.com\/index.php\/wp-json\/wp\/v2\/users\/1"}],"replies":[{"embeddable":true,"href":"https:\/\/mercadaomoveis.com\/index.php\/wp-json\/wp\/v2\/comments?post=380"}],"version-history":[{"count":58,"href":"https:\/\/mercadaomoveis.com\/index.php\/wp-json\/wp\/v2\/pages\/380\/revisions"}],"predecessor-version":[{"id":1009,"href":"https:\/\/mercadaomoveis.com\/index.php\/wp-json\/wp\/v2\/pages\/380\/revisions\/1009"}],"wp:attachment":[{"href":"https:\/\/mercadaomoveis.com\/index.php\/wp-json\/wp\/v2\/media?parent=380"}],"curies":[{"name":"wp","href":"https:\/\/api.w.org\/{rel}","templated":true}]}}